*3 + u**2 - 32*u + 18. Determine l(5).
8
Let c(w) = -4*w**2 - 14*w - 26. Give c(-5).
-56
Let s(o) = -94*o + 751. What is s(8)?
-1
Let b(z) = -4*z**3 + 79*z**2 - 58*z + 30. Give b(19).
11
Let h(p) = -22*p + 70. Determine h(-5).
180
Let g(m) = 21*m**2 - 10*m + 20. Determine g(2).
84
Let x(f) = 184*f**3 + f**2 - 11*f + 9. Give x(1).
183
Let w(n) = n**2 - 115*n + 1050. What is w(105)?
0
Let b(w) = -w**3 - 52*w**2 + 348*w + 13. Calculate b(-58).
13
Let a(z) = 129*z + 1840. Determine a(-14).
34
Let s(u) = -u**3 - 5*u**2 + 6*u + 35. What is s(-6)?
35
Let z(s) = -7*s**2 + 55*s - 96. Determine z(5).
4
Let t(u) = -u**3 + u**2 - 32*u + 173. Calculate t(4).
-3
Let n(v) = -85*v - 843. Calculate n(-10).
7
Let u(m) = -m**3 + 3*m**2 - 10*m + 230. Calculate u(8).
-170
Let h(z) = 32*z + 2940. What is h(-101)?
-292
Let n(g) = -7*g + 54. Determine n(23).
-107
Let f(r) = -r**2 + 56*r - 311. What is f(36)?
409
Let h(z) = -z**3 - 52*z**2 - 202*z - 2685. Give h(-49).
10
Let c(h) = -h**3 - 19*h**2 - 92*h - 64. Give c(-7).
-8
Let i(v) = 376*v**2 - 755*v - 1. Give i(2).
-7
Let z(c) = -c**2 - 15*c - 70. What is z(-5)?
-20
Let w(s) = 4543*s + 54521. Give w(-12).
5
Let j(x) = 2*x**2 + 20*x + 21. What is j(-16)?
213
Let f(x) = 12*x**2 - 700*x + 2608. Calculate f(4).
0
Let k(g) = -g**3 - 2*g**2 - 16*g - 35. Give k(-2).
-3
Let l(r) = 501*r + 1461. What is l(-3)?
-42
Let f(r) = 5*r - 260. Calculate f(59).
35
Let o(x) = 295*x - 1181. Give o(4).
-1
Let n(f) = -3*f**2 + 52*f + 21. What is n(15)?
126
Let p(r) = -104*r + 3205. What is p(31)?
-19
Let m(c) = -39*c - 324. What is m(-22)?
534
Let j(x) = 29*x - 619. Give j(16).
-155
Let u(c) = -c - 19. Give u(-54).
35
Let k(p) = 15*p**2 + 357*p - 72. What is k(-24)?
0
Let y(f) = f**3 + 4*f**2 + 106*f + 683. Calculate y(-6).
-25
Let c(o) = -o**2 - 40*o + 503. Calculate c(11).
-58
Let y(p) = 5619*p - 28097. Give y(5).
-2
Let k(p) = -67*p - 10985. Calculate k(-165).
70
Let r(z) = z**2 + z + 46. Determine r(0).
46
Let p(t) = t**3 + 25*t**2 - t - 42. What is p(-25)?
-17
Let m(x) = -x**3 - 26*x**2 + 48*x + 569. Calculate m(-27).
2
Let s(n) = 1443*n + 86573. What is s(-60)?
-7
Let j(a) = a**2 - 4*a - 9. Calculate j(0).
-9
Let r(j) = -483*j + 10246. Calculate r(21).
103
Let h(m) = 84*m + 2088. What is h(-25)?
-12
Let k(h) = -156*h - 907. Give k(-5).
-127
Let m(b) = b**3 - 79*b**2 + 153*b + 77. Determine m(77).
0
Let k(s) = -10*s**2 - 19*s + 16. What is k(1)?
-13
Let q(i) = -68*i + 1423. Determine q(21).
-5
Let p(m) = 30*m + 215. Give p(-11).
-115
Let i(y) = -24*y**2 - 1356*y - 673. Calculate i(-56).
-1
Let g(w) = -390*w + 1557. Give g(4).
-3
Let t(r) = 97*r - 1254. Give t(13).
7
Let r(g) = -8*g**3 - 2*g**2 - 162*g - 159. Give r(-1).
9
Let a(f) = -5*f**3 + 9*f**2 + 12*f - 48. Give a(3).
-66
Let u(v) = -v**2 - 26*v + 1132. Calculate u(-49).
5
Let d(u) = 2*u**2 + 8*u - 23. Determine d(3).
19
Let k(h) = -32*h**2 + 4634*h + 4634. Determine k(-1).
-32
Let g(k) = k**2 + 93*k + 1472. What is g(-20)?
12
Let c(k) = -k**3 + 9*k**2 - 29*k + 135. Determine c(8).
-33
Let f(g) = -280*g**2 - 1680*g + 3. What is f(-6)?
3
Let n(a) = -4*a**2 + 31*a - 153. Determine n(14).
-503
Let m(n) = 4*n**3 + 172*n**2 - 3*n + 54. Determine m(-43).
183
Let u(y) = y**3 + 8*y**2 - 4*y - 41. Give u(-8).
-9
Let w(a) = 581*a - 1265. Calculate w(2).
-103
Let g(k) = 2*k**3 + 60*k**2 + 314*k + 614. Give g(-24).
-10
Let b(a) = -439*a + 5703. Give b(13).
-4
Let j(r) = -12*r**2 - 644*r - 2733. Give j(-49).
11
Let z(p) = 228*p - 4052. Determine z(17).
-176
Let v(w) = w**3 + 13*w**2 - 595*w + 431. Give v(-32).
15
Let h(o) = -16*o**2 + 136*o + 73. What is h(9)?
1
Let b(h) = h**3 + 5*h**2 + 6*h + 108. Give b(-7).
-32
Let m(v) = -v**2 - 4*v + 41. Give m(-9).
-4
Let n(b) = -b**3 + 10*b**2 + 7*b + 5. Determine n(7).
201
Let r(w) = -8*w**2 + 218*w - 48. What is r(27)?
6
Let k(n) = -33*n**2 - 795*n + 101. Calculate k(-24).
173
Let v(p) = p**2 + 287*p + 2241. Calculate v(-8).
9
Let l(y) = -23*y + 602. Calculate l(32).
-134
Let n(p) = 286*p + 2273. What is n(-8)?
-15
Let t(y) = 47*y**2 + 226*y - 5. What is t(-5)?
40
Let f(a) = 87*a - 277. What is f(0)?
-277
Let l(q) = -4*q**2 - 170*q - 546. Give l(-39).
0
Let f(m) = m**3 + 17*m**2 + 48*m + 1181. Determine f(-18).
-7
Let u(r) = -r**2 - 243*r - 13735. Give u(-153).
35
Let z(w) = -6*w**2 + 19*w + 4. Calculate z(-4).
-168
Let l(v) = -v**2 - 11*v - 59. What is l(-6)?
-29
Let u(d) = -6*d**2 + 142*d + 661. Give u(-4).
-3
Let i(d) = d**2 - 5263*d + 21044. Calculate i(4).
8
Let a(y) = -76*y**2 + 217*y + 445. Determine a(-2).
-293
Let p(g) = 217*g - 3947. Give p(18).
-41
Let t(p) = p**3 - 41*p**2 + 4*p - 177. What is t(41)?
-13
Let m(u) = -u**2 + 150. What is m(-13)?
-19
Let i(p) = -2*p**2 + 67*p - 283. What is i(5)?
2
Let p(j) = -j**2 - 8*j + 396. What is p(16)?
12
Let l(i) = 279*i - 17319. What is l(62)?
-21
Let r(m) = 3*m**2 - 133*m - 83. What is r(45)?
7
Let x(y) = -7*y - 145. Calculate x(-29).
58
Let h(u) = 5*u**2 + 17*u + 72. Calculate h(-7).
198
Let z(y) = -y**3 + 4*y**2 + 10*y - 68. Calculate z(5).
-43
Let y(g) = 104*g - 1343. Determine y(13).
9
Let k(p) = -p**2 - 13*p - 4. Calculate k(-13).
-4
Let m(z) = 163*z - 28. What is m(1)?
135
Let i(r) = -r**3 + 51*r**2 + 1086*r + 221. Calculate i(-16).
-3
Let d(p) = -p**2 - 95*p - 2204. Determine d(-40).
-4
Let w(z) = -328*z**2 - 11*z + 12. Calculate w(1).
-327
Let b(w) = -17*w - 1040. Calculate b(-19).
-717
Let x(y) = -333*y + 4326. What is x(13)?
-3
Let z(i) = 1338*i + 7945. Determine z(-6).
-83
Let a(f) = 92*f**3 - 12*f**2 - 19*f - 1. Calculate a(-2).
-747
Let o(j) = 43*j + 1456. Give o(-34).
-6
Let s(w) = 479*w + 2853. Determine s(-6).
-21
Let n(w) = -11*w**2 + 64*w - 38. What is n(5)?
7
Let k(c) = -12*c**2 + 13*c + 120. Give k(4).
-20
Let y(h) = -h**3 + 17*h**2 - 20*h - 101. Give y(13).
315
Let s(n) = n - 621. Determine s(26).
-595
Let n(d) = -3*d**3 - 2*d**2 - 7*d + 8. What is n(1)?
-4
Let k(n) = n**3 - 6*n**2 + 933*n - 4634. Determine k(5).
6
Let f(m) = -15*m**2 + 113*m - 172. Determine f(2).
-6
Let a(w) = 367*w + 1836. Give a(-5).
1
Let a(g) = 4*g - 84. What is a(6)?
-60
Let u(d) = 3*d**2 + 68*d + 117. Give u(-22).
73
Let t(f) = -f**3 + 21*f**2 - 84*f + 61. Determine t(16).
-3
Let h(j) = -7*j**2 - 592*j - 193. What is h(-84)?
143
Let x(v) = -v**2 + 8*v + 44. What is x(-6)?
-40
Let r(z) = 58*z + 143. What is r(-10)?
-437
Let k(h) = -1326*h - 3964. Calculate k(-3).
14
Let n(s) = 2*s**2 - 148*s - 4212. Determine n(-22).
12
Let l(q) = q**2 + 64*q - 251. Determine l(-71).
246
Let l(f) = f**3 - 141*f**2 + 272*f + 831. Calculate l(139).
-3
Let z(w) = 58*w + 853. Give z(-21).
-365
Let b(j) = -4*j - 9. Calculate b(5).
-29
Let t(d) = 206*d - 4127. What is t(20)?
-7
Let v(p) = 2*p**2 - 11*p - 45. Give v(-8).
171
Let o(a) = -611*a - 18946. What is o(-31)?
-5
Let h(i) = -2*i**3 + 26*i**2 + 23*i - 30. What is h(14)?
-100
Let l(z) = -23*z**3 + 3*z**2 - 7*z + 4. Calculate l(1).
-23
Let a(o) = o**2 + 13*o - 2. Calculate a(-15).
28
Let p(q) = 159*q - 3347. What is p(21)?
-8
Let b(k) = 3*k**2 + 3*k - 87. Give b(-6).
3
Let b(u) = 2*u - 79. Calculate b(-61).
-201
Let i(v) = -550*v - 89096. Calculate i(-162).
4
Let k(f) = -15*f**3 + 52*f**2 - 7*f. Calculate k(3).
42
Let i(t) = 40*t + 928. Calculate i(-23).
8
Let z(v) = -v**3 + 24*v**2 + 19*v - 1400. Calculate z(22).
-14
Let t(h) = 2*h**2 + 29*h + 158. What is t(-15)?
173
Let x(s) = s**3 + 11*s**2 + 6*s + 83. Calculate x(-12).
-133
Let q(x) = -4*x**3 - 33*x**2 - 26*x - 149. Give q(-8).
-5
Let j(g) = -25*g - 3. Give j(-3).
72
Let l(t) = -t**3 - 5*t**2 - 36*t - 582. Calculate l(-10).
278
Let k(a) = 151*a - 2275. Determine k(15).
-10
Let g(z) = -8*z + 501. Give g(64).
-11
Let f(h) = 10*h**2 + 282*h + 44. Calculate f(-28).
-12
Let t(c) = c**3 - 26*c**2 - 171*c - 30. What is t(31)?
-526
Let u(c) = -2*c**3 - 13*c**2 + 87*c + 559. What is u(-7)?
-1
Let f(z) = -31*z - 74. What is f(-5)?
81
Let i(g) = -g**2 - 40*g - 390. Calculate i(-27).
-39
Let j(v) = -3580*v - 14313. Determine j(-4).
7
Let n(o) = 73*o + 1345. Calculate n(-18).
31
Let k(y) = -y**3 - 2*y**2 + 14*y + 4. Calculate k(3).
1
Let c(m) = -m**3 - 38*m**2 + 41*m + 70. What is c(-39)?
-8
Let m(v) = -3*v**2 - 6*v + 157. What is m(8)?
-83
Let k(w) = 19*w**2 - 126*w - 128. What is k(-1)?
17
Let a(g) = -17*g - 777. Determi